{"id":2,"date":"2020-01-06T19:23:43","date_gmt":"2020-01-06T19:23:43","guid":{"rendered":"http:\/\/rincongres.cl\/?page_id=2"},"modified":"2020-01-19T01:37:29","modified_gmt":"2020-01-19T01:37:29","slug":"qs","status":"publish","type":"page","link":"https:\/\/rincongres.cl\/index.php\/qs\/","title":{"rendered":"Qui\u00e9nes somos"},"content":{"rendered":"\n<p>Rincongres es un taller dedicado al oficio de la cer\u00e1mica tanto en modelado, torno, esmaltes y preparaci\u00f3n de pastas. Con m\u00e1s de 20 a\u00f1os de experiencia en este oficio  Ofrecemos distintas alternativas de pastas de alta temperatura con arcillas nacionales respetando la calidez del color final de nuestras tierras.<\/p>\n\n\n\n<p>Ofrecemos a los talleres de cer\u00e1mica, herramientas como extrusora manual dise\u00f1ada para fabricar rollos o lulos, asas de todo tipo ,tubos y perfiles en pasta cer\u00e1mica. Tambi\u00e9n tornetas frabricadas para modelar tanto piezas utilitarias y escultura, posee rodamiento, eje con textura para dar un mejor giro manual y un sistema de posici\u00f3n fija. <\/p>\n\n\n\n<p>Estos productos han sido hechos y probados en uso permanente en nuestro taller de cer\u00e1mica, ofreciendo as\u00ed, una calidad \u00f3ptima a otros talleres  <\/p>\n","protected":false},"excerpt":{"rendered":"<p>Rincongres es un taller dedicado al oficio de la cer\u00e1mica tanto en modelado, torno, esmaltes y preparaci\u00f3n de pastas. Con &hellip; <span class=\"more-button\"><a href=\"https:\/\/rincongres.cl\/index.php\/qs\/\" class=\"more-link\">Continue Reading<span class=\"screen-reader-text\">Qui\u00e9nes somos<\/span><\/a><\/span><\/p>\n","protected":false},"author":1,"featured_media":32,"parent":0,"menu_order":0,"comment_status":"closed","ping_status":"open","template":"templates\/no-sidebar.php","meta":{"footnotes":""},"tags":[],"class_list":["post-2","page","type-page","status-publish","has-post-thumbnail","hentry"],"jetpack_sharing_enabled":true,"rttpg_featured_image_url":{"full":["https:\/\/rincongres.cl\/wp-content\/uploads\/2020\/01\/clay-fotograf\u00eda-1.jpg",2048,1365,false],"landscape":["https:\/\/rincongres.cl\/wp-content\/uploads\/2020\/01\/clay-fotograf\u00eda-1.jpg",2048,1365,false],"portraits":["https:\/\/rincongres.cl\/wp-content\/uploads\/2020\/01\/clay-fotograf\u00eda-1.jpg",2048,1365,false],"thumbnail":["https:\/\/rincongres.cl\/wp-content\/uploads\/2020\/01\/clay-fotograf\u00eda-1-150x150.jpg",150,150,true],"medium":["https:\/\/rincongres.cl\/wp-content\/uploads\/2020\/01\/clay-fotograf\u00eda-1-300x200.jpg",300,200,true],"large":["https:\/\/rincongres.cl\/wp-content\/uploads\/2020\/01\/clay-fotograf\u00eda-1-1024x683.jpg",990,660,true],"1536x1536":["https:\/\/rincongres.cl\/wp-content\/uploads\/2020\/01\/clay-fotograf\u00eda-1-1536x1024.jpg",1536,1024,true],"2048x2048":["https:\/\/rincongres.cl\/wp-content\/uploads\/2020\/01\/clay-fotograf\u00eda-1.jpg",2048,1365,false],"post-thumbnail":["https:\/\/rincongres.cl\/wp-content\/uploads\/2020\/01\/clay-fotograf\u00eda-1-990x556.jpg",990,556,true],"catch-fullscreen-slider":["https:\/\/rincongres.cl\/wp-content\/uploads\/2020\/01\/clay-fotograf\u00eda-1-1920x1080.jpg",1920,1080,true],"catch-fullscreen-team":["https:\/\/rincongres.cl\/wp-content\/uploads\/2020\/01\/clay-fotograf\u00eda-1-270x270.jpg",270,270,true],"catch-fullscreen-featured":["https:\/\/rincongres.cl\/wp-content\/uploads\/2020\/01\/clay-fotograf\u00eda-1-666x444.jpg",666,444,true],"catch-fullscreen-square":["https:\/\/rincongres.cl\/wp-content\/uploads\/2020\/01\/clay-fotograf\u00eda-1-480x480.jpg",480,480,true],"catch-fullscreen-testimonial":["https:\/\/rincongres.cl\/wp-content\/uploads\/2020\/01\/clay-fotograf\u00eda-1-100x100.jpg",100,100,true],"catch-fullscreen-hero-content":["https:\/\/rincongres.cl\/wp-content\/uploads\/2020\/01\/clay-fotograf\u00eda-1-755x566.jpg",755,566,true]},"rttpg_author":{"display_name":"master","author_link":"https:\/\/rincongres.cl\/index.php\/author\/master\/"},"rttpg_comment":0,"rttpg_category":false,"rttpg_excerpt":"Rincongres es un taller dedicado al oficio de la cer\u00e1mica tanto en modelado, torno, esmaltes y preparaci\u00f3n de pastas. Con &hellip; Continue ReadingQui\u00e9nes somos","_links":{"self":[{"href":"https:\/\/rincongres.cl\/index.php\/wp-json\/wp\/v2\/pages\/2","targetHints":{"allow":["GET"]}}],"collection":[{"href":"https:\/\/rincongres.cl\/index.php\/wp-json\/wp\/v2\/pages"}],"about":[{"href":"https:\/\/rincongres.cl\/index.php\/wp-json\/wp\/v2\/types\/page"}],"author":[{"embeddable":true,"href":"https:\/\/rincongres.cl\/index.php\/wp-json\/wp\/v2\/users\/1"}],"replies":[{"embeddable":true,"href":"https:\/\/rincongres.cl\/index.php\/wp-json\/wp\/v2\/comments?post=2"}],"version-history":[{"count":2,"href":"https:\/\/rincongres.cl\/index.php\/wp-json\/wp\/v2\/pages\/2\/revisions"}],"predecessor-version":[{"id":68,"href":"https:\/\/rincongres.cl\/index.php\/wp-json\/wp\/v2\/pages\/2\/revisions\/68"}],"wp:featuredmedia":[{"embeddable":true,"href":"https:\/\/rincongres.cl\/index.php\/wp-json\/wp\/v2\/media\/32"}],"wp:attachment":[{"href":"https:\/\/rincongres.cl\/index.php\/wp-json\/wp\/v2\/media?parent=2"}],"wp:term":[{"taxonomy":"post_tag","embeddable":true,"href":"https:\/\/rincongres.cl\/index.php\/wp-json\/wp\/v2\/tags?post=2"}],"curies":[{"name":"wp","href":"https:\/\/api.w.org\/{rel}","templated":true}]}}